21 = -3*b - l - 2*l, 4*b = -3*l + 27. Calculate the remainder when 35 is divided by b.
5
Let v(i) = -i - 11. Let t be v(-9). Let f be t + -22*12/(-4). Suppose -4*j = -f - 28. Calculate the remainder when j is divided by 13.
10
Let v(m) = -m**3 - m**2 + 11*m + 6. What is the remainder when v(-4) is divided by 5?
0
Suppose 0 = -h + 3*h - 34. Suppose 5*z = 8*z - 351. Let v = z - 67. Calculate the remainder when v is divided by h.
16
Let i(f) = 2*f**2 + f. Let z = 13 + -12. Let d be i(z). Suppose 0 = d*t - 7*t + 24. What is the remainder when 21 is divided by t?
3
Let m = -219 + 223. Suppose 0*z - 5*z = 10. What is the remainder when 34 is divided by m/(3/(-27)*z)?
16
Let y = -5 + 33. What is the remainder when 1750/y - (-1)/(-2) is divided by 23?
16
Suppose 3*i + i = -u + 18, 3*i = 2*u + 8. Suppose -i*a + 14 = -18. What is the remainder when 39 is divided by a?
7
Let w = -648 + 681. Suppose 2*o = 13 + 1. Calculate the remainder when w is divided by o.
5
Let q = -65 - -238. Suppose -q + 129 = -4*w. Calculate the remainder when 96 is divided by w.
8
Suppose 6 + 0 = b. Let r(a) = a**3 - 4*a**2 + 7*a - 14. Calculate the remainder when r(b) is divided by 34.
32
Let w(h) = h**2 - 2*h. Let a(t) = t**2 - 12*t - 15. Let x be a(13). What is the remainder when 21 is divided by w(x)?
5
Calculate the remainder when (0 - 128/(-3))/(230/345) is divided by 92/6*(-15)/(-10).
18
Suppose 150393 + 20163 = 61*f. What is the remainder when f is divided by 9?
6
Let k = 64 - -21. Suppose -3*q + k = 28. What is the remainder when q is divided by 6?
1
Suppose -7*q - 7*q + 826 = 0. What is the remainder when 231 is divided by q?
54
Suppose -150 = 4*t + 34. Let i = t - -53. Calculate the remainder when i is divided by 3.
1
Let r = -34 - -37. Suppose f - 18 = r*x, 0*x + 14 = f - x. Suppose 7*n = f*n - 50. What is the remainder when 19 is divided by n?
9
Let a(v) = v**3 + v**2 + 3*v - 3. Let h(w) = -1 - w + 9 - 3. What is the remainder when a(2) is divided by h(2)?
0
Let n(b) = 4*b - 7. What is the remainder when (165/(-5)*1)/(-1) is divided by n(4)?
6
Let y(r) = r**3 + 10*r**2 - 13*r - 4. Suppose 27 = -5*n + 617. Let q = n - 65. Calculate the remainder when q is divided by y(-11).
17
Suppose g - 16 = -3*g, -2*k + 5*g = 0. Calculate the remainder when (-5)/(-25) + 318/k is divided by 17.
15
Suppose 2*q - 5*q = -5*q. Suppose -2*n + q = -28. Calculate the remainder when -1 + -6*18/(-4) is divided by n.
12
Suppose b = 3*h - 0*b - 126, 208 = 5*h - b. Suppose 0*i = i - h. Let w = i - 19. What is the remainder when w is divided by 6?
4
Let b = 19 + -39. Let k be b/(-3)*(7 - 10). Calculate the remainder when 29 is divided by k*(0 - 6/15).
5
Let z be (-100 + 1)/(18/(-12)). Let c = z - 39. What is the remainder when c is divided by 8?
3
Suppose -7*o + 4*o = -159. Calculate the remainder when o is divided by (-83)/(-6) + (-1)/(-6).
11
Suppose 0 = -22*d + 2066 - 350. Calculate the remainder when d is divided by 17.
10
Let c = 27 - 11. Suppose -3*a - 2 - 5 = k, 4*a = -3*k - c. What is the remainder when 8 is divided by k/((-8)/(-4) + -4)?
0
Suppose 17*d - 198 = 26*d. Let h = d - -37. What is the remainder when 73 is divided by h?
13
Let k = -63 - -99. What is the remainder when 285 is divided by k?
33
Let l(d) = d**2 - 42*d - 207. Calculate the remainder when 56 is divided by l(47).
0
Let r(u) = 69*u**2 - 6*u + 1. What is the remainder when 236 is divided by r(-1)?
8
Suppose -g = -n - 35 - 22, 0 = 2*g + 4*n - 84. Let o = 0 - -15. Suppose -o*w = -19*w + 72. Calculate the remainder when g is divided by w.
16
Suppose -18 = -c - 5*v - 6, -89 = -5*c + 4*v. Suppose -30*r - 61 = -31*r. Suppose 0 = -5*j - 11 + r. What is the remainder when c is divided by j?
7
Suppose 0 = 7*g - 5*g + 5*k - 55, -4*g = 4*k - 128. Suppose 19*h = 20*h - g. Let f = 126 - -11. What is the remainder when f is divided by h?
32
Let g = 48 - 30. Suppose -w - 20 = 3*w, 0 = 3*n + 2*w - 266. Let q = -60 + n. What is the remainder when q is divided by g?
14
Let d = -75 - -83. Let u = 0 - 1. Calculate the remainder when d is divided by 4 - (-2 - u) - 2.
2
Suppose 5*p - 2*f + 73 = 176, 2*p - 5*f = 37. Suppose -c - 3 = -p. What is the remainder when 53 is divided by c?
17
What is the remainder when 565 is divided by (3/(-6))/(1/(-142))?
68
Suppose 24 + 14 = c + 4*w, -5 = w. Suppose -2*d - 22 = -k - 75, 0 = -2*d + 2*k + c. What is the remainder when 80 is divided by d?
8
Let a(f) = -8*f + 48. Calculate the remainder when 46 is divided by a(4).
14
Let u(x) be the third derivative of -x**6/120 - 11*x**5/60 + 5*x**4/12 - 7*x**3/6 - 5*x**2. What is the remainder when u(-12) is divided by 5?
2
Let c = -26 - -30. Suppose w + 5*r = 1, -2*w + c*w = 2*r + 38. What is the remainder when w is divided by 6?
4
Suppose 63*l - 67*l + 328 = 0. What is the remainder when l is divided by 19?
6
Suppose -2*h + 152 = 5*l, 22*l + 446 = 5*h + 18*l. What is the remainder when 340 is divided by h?
82
Suppose -109*s - 3*j = -106*s - 147, -j + 229 = 5*s. What is the remainder when 1121 is divided by s?
41
Suppose 2*p - u - 20 = -3*p, 0 = 2*p - 2*u - 8. Suppose h = -p*h + 245. Let i = -3153 - -3170. Calculate the remainder when h is divided by i.
15
Suppose 4*t + 4*u - 52 = 0, 2*u + 59 = 3*t + u. Calculate the remainder when 95 - (17 - 27/3) is divided by t.
15
Suppose -5*m + 363 = 2*g, 4*m + 233 = 7*m + 5*g. Calculate the remainder when 1630 is divided by m.
68
Let g = 79 - 76. Let j = 43 + g. Calculate the remainder when 90 is divided by j.
44
Suppose 60 = 4*f - 2*v, 2*f = f - 3*v + 15. Let n be (-2)/8 + f/(-4). Calculate the remainder when (-182 - -2)/n + 1 is divided by 18.
10
What is the remainder when 4/(-4) - 3 - -5*11 is divided by 11?
7
Let d(i) = i**2 + 3*i - 27. Calculate the remainder when 156 is divided by d(6).
21
Suppose -2*v + 45 = v. Suppose 0 = -2*d - 2*h - 2, h + 5 = -3*d - 0*d. Calculate the remainder when ((-1)/d)/((-6)/12) + 29 is divided by v.
13
Let o(t) = -t**2 - 8*t - 3. What is the remainder when ((-6)/(-8))/((-15)/(-300)) is divided by o(-7)?
3
Suppose 5*i - 5*r - 30 = 0, -i + 0*r - 3*r = -26. Let t(p) = -8*p + 13. Let l be t(-6). Let c = -41 + l. Calculate the remainder when c is divided by i.
9
Suppose d - 2*y = 34, -131*d + 2*y = -132*d + 10. Let f(k) = -4*k - 2. Let p be f(-3). Let w = 18 - p. What is the remainder when d is divided by w?
6
Let t(g) = 9*g - 27. Let s be t(3). Suppose -5*w + 265 = -s*w. What is the remainder when w is divided by 14?
11
Let j be (-1)/(0 - -5) - 30032/(-10). What is the remainder when 47 is divided by (-1)/(-4) + (j/28)/11?
7
Suppose -18*w + 2440 - 226 = 0. Calculate the remainder when w is divided by 21.
18
Calculate the remainder when 22 is divided by 4/(-50) + (-302)/(-25).
10
Let v = -1711 + 1779. What is the remainder when 233 is divided by v?
29
Suppose -4*m - 17 + 45 = 0. Calculate the remainder when 15 is divided by m.
1
Suppose -r - 4 = -3, q + 4*r - 117 = 0. What is the remainder when q is divided by 36 - (-3)/((-6)/4) - 3?
28
Suppose g + 2*d = 91, -g - 2*g = 2*d - 281. Suppose -9*f = -4*f - g. Calculate the remainder when 93 is divided by f.
17
Let u(a) = a**2 - 9*a + 11. Let j be u(9). Suppose 21*s - 330 = j*s. Calculate the remainder when 96 is divided by s.
30
Let p = -32 - -34. What is the remainder when 24 is divided by p/15 + 579/45?
11
Let g = 85 - 77. Let v(l) = l**2 - 6*l + 33. What is the remainder when v(g) is divided by 17?
15
Let a be 2 + 1/2*0. Suppose 4*t = -0*t + 140. Calculate the remainder when t is divided by (-3 + a)*-6 - -3.
8
Let q be (-4 - (-3 - -5))/((-6)/80). Suppose 4*z = 5*z - 6. Suppose -z*n + q = -n. Calculate the remainder when 77 is divided by n.
13
Suppose -2*v = 4*l - 0*l - 30, -4*l + 5*v - 5 = 0. Suppose -3*k = k + 12, -m + l*k = -70. What is the remainder when m is divided by 3?
1
Suppose -901 + 229 = -16*s. What is the remainder when s is divided by 23?
19
Let u = 347 - 124. What is the remainder when 452 is divided by u?
6
Suppose -3 = -5*q + 7. Let f(b) = -2*b + 3*b**2 + 3*b**2 - 1 - 2*b**q + 4*b**2. Calculate the remainder when f(-3) is divided by 16.
13
Suppose -5*q - 354 = 2*r, r - 288 = 4*q + 5*r. Calculate the remainder when -2*25/q + 4/14 is divided by 1.
0
Let r be 3 + (-2 - 2) + 3. Suppose r*j - 27 = -2*h + 3, -4*h = -j + 40. What is 